{"id":2005,"date":"2022-04-01T04:52:54","date_gmt":"2022-04-01T04:52:54","guid":{"rendered":"https:\/\/dahls.net\/bahai\/?page_id=2005"},"modified":"2024-07-15T12:29:44","modified_gmt":"2024-07-15T12:29:44","slug":"al-dahl","status":"publish","type":"page","link":"https:\/\/dahls.net\/bahai\/al-dahl\/","title":{"rendered":"AL Dahl"},"content":{"rendered":"<p style=\"text-align: center;font-size:25px;\"><strong>Photos by Arthur L. Dahl<\/strong><\/p>\n<p style=\"text-align: center;\"><em>To view photos as a slide show, click on the thumbnail after allowing the whole page to download.<br \/>\nYou can then browse backwards and forwards. In Windows, Press F11 to view full-screen, and F11 again to exit.<br \/>\nTo return to this screen (with thumbnails), click on the photo or press Esc.<br \/>\nTo download a photo, open the large version in the slide show view. In Windows right-click,<br \/>\nand on a Mac ctrl-click, and then choose the option to download. Photos can be used with attribution.<br \/>\n<\/em><\/p>\n<p>Here are photos taken by my father, Arthur L. Dahl. See the captions in the slide show view for descriptions. Photos labelled as &#8220;Pebble Beach&#8221; were taken at our home in Pebble Beach, California. My parents, Joyce and Arthur Dahl, had four sons: Keith, Arthur Lyon, Roger and me. My father served on the National Spiritual Assembly of the Bah\u00e1\u2019\u00eds of the United States from 1957 to 1968, and as its Treasurer 1958-68. My mother served on the National Teaching Committee 1937-40, on various other committees, and as Auxiliary Board Member from 1977 to 1986. Among my mother&#8217;s close friends who feature in these photos were fellow Auxiliary Board Member Nancy Phillips (living in Phoenix), and Marion Holley Hofman, who was her roommate at Stanford.<\/p>\n<p><em>Hands of the Cause in these photos (not always identified as such) include: Leroy Ioas, Paul Haney, R\u00fah\u00edyyih Kh\u00e1num, Tar\u00e1zu\u2019ll\u00e1h Samandar\u00ed, Hasan Balyuzi, John Ferraby, Jal\u00e1l Kh\u00e1zeh, Horace Holley, Ugo Giachery, \u2018Al\u00ed-Akbar Fur\u00fatan, Enoch Olinga, John Robarts, and William Sears.<\/em><\/p>\n<p style=\"text-align: center;\"><strong>1938<br \/>\nGeyserville<\/strong><\/p>\nngg_shortcode_0_placeholder\n<p style=\"text-align: center;\"><strong>1940-41<\/strong><\/p>\nngg_shortcode_1_placeholder\n<p style=\"text-align: center;\"><strong>1944-51<\/strong><\/p>\nngg_shortcode_2_placeholder\n<p style=\"text-align: center;\"><strong>1951<br \/>\nGeyserville<\/strong><\/p>\nngg_shortcode_3_placeholder\n<p style=\"text-align: center;\"><strong>1952-57<\/strong><\/p>\nngg_shortcode_4_placeholder\n<p style=\"text-align: center;\"><strong>1957<br \/>\nThe Guardian&#8217;s funeral in London<\/strong><\/p>\nngg_shortcode_5_placeholder\n<p style=\"text-align: center;\"><strong>1958-59<\/strong><\/p>\nngg_shortcode_6_placeholder\n<p style=\"text-align: center;\"><strong>1960<br \/>\nPilgrimage<\/strong><\/p>\nngg_shortcode_7_placeholder\n<p style=\"text-align: center;\"><strong>1960-65<\/strong><\/p>\nngg_shortcode_8_placeholder\n<p style=\"text-align: center;\"><strong>1967-73<\/strong><\/p>\nngg_shortcode_9_placeholder\n","protected":false},"excerpt":{"rendered":"<p>Photos by Arthur L. Dahl To view photos as a slide show, click on the thumbnail after allowing the whole page to download. You can then browse backwards and forwards. In Windows, Press F11 to view full-screen, and F11 again <span class=\"excerpt-dots\">&hellip;<\/span> <a class=\"more-link\" href=\"https:\/\/dahls.net\/bahai\/al-dahl\/\"><span class=\"more-msg\">Continue reading &rarr;<\/span><\/a><\/p>\n","protected":false},"author":1,"featured_media":0,"parent":0,"menu_order":0,"comment_status":"closed","ping_status":"closed","template":"","meta":{"nf_dc_page":"","ngg_post_thumbnail":0,"footnotes":""},"class_list":["post-2005","page","type-page","status-publish","hentry"],"_links":{"self":[{"href":"https:\/\/dahls.net\/bahai\/wp-json\/wp\/v2\/pages\/2005","targetHints":{"allow":["GET"]}}],"collection":[{"href":"https:\/\/dahls.net\/bahai\/wp-json\/wp\/v2\/pages"}],"about":[{"href":"https:\/\/dahls.net\/bahai\/wp-json\/wp\/v2\/types\/page"}],"author":[{"embeddable":true,"href":"https:\/\/dahls.net\/bahai\/wp-json\/wp\/v2\/users\/1"}],"replies":[{"embeddable":true,"href":"https:\/\/dahls.net\/bahai\/wp-json\/wp\/v2\/comments?post=2005"}],"version-history":[{"count":4,"href":"https:\/\/dahls.net\/bahai\/wp-json\/wp\/v2\/pages\/2005\/revisions"}],"predecessor-version":[{"id":3906,"href":"https:\/\/dahls.net\/bahai\/wp-json\/wp\/v2\/pages\/2005\/revisions\/3906"}],"wp:attachment":[{"href":"https:\/\/dahls.net\/bahai\/wp-json\/wp\/v2\/media?parent=2005"}],"curies":[{"name":"wp","href":"https:\/\/api.w.org\/{rel}","templated":true}]}}