{"id":2825,"date":"2022-04-01T07:54:12","date_gmt":"2022-04-01T07:54:12","guid":{"rendered":"https:\/\/dahls.net\/bahai\/?page_id=2825"},"modified":"2024-07-16T14:41:59","modified_gmt":"2024-07-16T14:41:59","slug":"other","status":"publish","type":"page","link":"https:\/\/dahls.net\/bahai\/other\/","title":{"rendered":"Other"},"content":{"rendered":"<p style=\"text-align: center;font-size:25px;\"><strong>Other<\/strong><\/p>\n<p style=\"text-align: center;\"><em>To view photos as a slide show, click on the thumbnail after allowing the whole page to download.<br \/>\nYou can then browse backwards and forwards. In Windows, Press F11 to view full-screen, and F11 again to exit.<br \/>\nTo return to this screen (with thumbnails), click on the photo or press Esc.<br \/>\nTo download a photo, open the large version in the slide show view. In Windows right-click,<br \/>\nand on a Mac ctrl-click, and then choose the option to download. Photos can be used with attribution.<br \/>\n<\/em><\/p>\n<p style=\"text-align: center;\"><strong>Dwight Allen&#8217;s photos<\/strong><\/p>\n<p>ngg_shortcode_0_placeholderPhotos courtesy of Dwight Allen. See the captions in the slide show view for descriptions.<\/p>\n<p style=\"text-align: center;\"><strong>Films<\/strong><\/p>\n<p style=\"margin:0\" ;=\"\">In 1969 the well-known filmmaker George Stoney was commissioned by the U.S. National Spiritual Assembly to make a documentary of the Bah\u00e1\u2019\u00ed youth activities in America. The result was his film <a href=\"https:\/\/youtu.be\/xskjnJ2bjd4\">A New Wind<\/a>, plus a separate untitled film about the <a href=\"https:\/\/youtu.be\/_2EaXgZGF2I\"> Bah\u00e1\u2019\u00ed Youth for One World conference<\/a> in Wilmette that year. Here are those films, converted from rather worn copies of the original 16mm films belonging to my parents, Arthur and Joyce Dahl.<\/p>\n<p style=\"text-align: center; padding:0\"><a title=\"A New Wind\" rel=\"noreferrer\" href=\"#\" class=\"vp-a vp-unknown-type_shortcode vp-modal-click vp-modal-click_shortcode vp-has-img\"><img decoding=\"async\" class=\"vp-img\" src=\"https:\/\/dahls.net\/bahai\/video\/a-new-wind.jpg\"><\/a>    <a title=\"A New Wind\" rel=\"noreferrer\" href=\"#\" class=\"vp-a vp-unknown-type_shortcode vp-modal-click vp-modal-click_shortcode vp-has-img\"><img decoding=\"async\" class=\"vp-img\" src=\"https:\/\/dahls.net\/bahai\/video\/youth-conf-1969.jpg\"><\/a><\/p>\n<p style=\"margin:0\" ;=\"\">Documentary film &#8220;It&#8217;s Just the Beginning&#8221; about the 1970 Bah\u00e1\u2019\u00ed National Youth Conference made by Kiva Films (from David Walker of Kiva Films):<\/p>\n<p style=\"text-align: center; padding:0\"><a title=\"A New Wind\" data-relvid=\"1\" rel=\"noreferrer\" href=\"https:\/\/youtu.be\/hBLguT-hFAI\" class=\"vp-a vp-yt-type vp-modal-click vp-modal-click_shortcode vp-has-img\"><img decoding=\"async\" class=\"vp-img\" src=\"https:\/\/dahls.net\/bahai\/video\/just-the-beginning.jpg\"><\/a><\/p>\n<p style=\"margin:0\" ;=\"\">CBS News film &#8220;And His Name Shall Be One&#8221; on the Bah\u00e1\u2019\u00ed Faith in the Lamp Unto My Feet series in 1966 (from the 16mm film copy belonging to Arthur and Joyce Dahl):<\/p>\n<p style=\"text-align: center; padding:0\"><a title=\"And His Name Shall Be One\" rel=\"noreferrer\" href=\"#\" class=\"vp-a vp-unknown-type_shortcode vp-modal-click vp-modal-click_shortcode vp-has-img\"><img decoding=\"async\" class=\"vp-img\" src=\"https:\/\/dahls.net\/bahai\/video\/his-name-shall-be-one.jpg\"><\/a><\/p>\n<p style=\"text-align: center;\"><strong>Other<\/strong><\/p>\n<p class=\"alignleft\" style=\"display: inline !important;\"><strong>World Order is the Goal<\/strong>, statements broadcast by CBS radio in<br \/>\nSan Francisco 1945, transferred from 78 rpm records. Arthur Dahl narrates<br \/>\nthe 6th and 7th segments (0h27)  (<a href=\"https:\/\/dahls.net\/bahai\/audio\/world-order-is-the-goal\/world-order-is-the-goal.zip\">.zip file of all 8 segments 12MB<\/a>):<\/p>\n<div id=\"textbox\">\n\n <div id=\"wrapperMI_0\" class=\"wrap-mjp nostop \" style=\"position:relative; padding:0px 0px 0px 0px; margin:0px 0px 0px auto; width:360px;\">\n\t<div style=\"display:none;\" class=\"Eabove-mjp\" id=\"Eabove-mjp_0\"><\/div>\n\t <div class=\"subwrap-MI\">\n\t\t <div class=\"jp-innerwrap\">\n\t\t\t <div class=\"innerx\"><\/div>\n\t\t\t <div class=\"innerleft\"><\/div>\n\t\t\t <div class=\"innerright\"><\/div>\n\t\t\t <div class=\"innertab\"><\/div>\n\t\t\t <div class=\"interface-mjp arial-mjp\" style=\"height:33px;\" id=\"interfaceMI_0\">\n\t\t\t\t <div class=\"MI-image Himg left-mjp\" id=\"MI_image_0\" style=\" width:auto; height:33px; overflow:hidden;\"><\/div>\n\t\t\t\t <div id=\"T_mp3j_0\" class=\"player-track-title centre-mjp bold-mjp plain-mjp childNorm-mjp childItalic-mjp\" style=\"left:10px; right:0px;  top:6px;\"><\/div>\n\t\t\t\t <div class=\"bars_holder\">\n\t\t\t\t\t <div class=\"loadMI_mp3j\" id=\"load_mp3j_0\"><\/div>\n\t\t\t\t\t <div class=\"poscolMI_mp3j soften-mjp\" id=\"poscol_mp3j_0\"><\/div>\n\t\t\t\t\t <div class=\"posbarMI_mp3j\" id=\"posbar_mp3j_0\"><\/div>\n\t\t\t\t <\/div>\n\t\t\t\t <div id=\"P-Time-MI_0\" class=\"jp-play-time\"><\/div>\n\t\t\t\t <div id=\"T-Time-MI_0\" class=\"jp-total-time\"><\/div>\n\t\t\t\t <div id=\"statusMI_0\" class=\"statusMI\"><\/div>\n\t\t\t\t <div class=\"transport-MI\"><div class=\"play-mjp\" id=\"playpause_mp3j_0\">Play<\/div><div class=\"stop-mjp\" id=\"stop_mp3j_0\">Stop<\/div><div class=\"next-mjp\" id=\"Next_mp3j_0\">Next&raquo;<\/div><div class=\"prev-mjp\" id=\"Prev_mp3j_0\">&laquo;Prev<\/div><\/div>\n\t\t\t\t <div class=\"buttons-wrap-mjp\" id=\"buttons-wrap-mjp_0\">\n\t\t\t\t\t <div class=\"playlist-toggle-MI\" id=\"playlist-toggle_0\">SHOW PLAYLIST<\/div>\n\t\t\t\t\t <div class=\"mp3j-popout-MI\" id=\"lpp_mp3j_0\" style=\"\"><\/div>\n\t\t\t\t\t <div id=\"download_mp3j_0\" class=\"dloadmp3-MI\"><\/div>\n\t\t\t\t <\/div>\n\t\t\t <\/div>\n\t\t\t <div class=\"mjp-volwrap\">\n\t\t\t\t <div class=\"MIsliderVolume\" id=\"vol_mp3j_0\"><\/div>\n\t\t\t\t <div class=\"innerExt1\" id=\"innerExt1_0\"><\/div>\n\t\t\t\t <div class=\"innerExt2\" id=\"innerExt2_0\"><\/div>\n\t\t\t <\/div>\n\t\t <\/div>\n\t\t <div style=\"display:none;\" class=\"Ebetween-mjp\" id=\"Ebetween-mjp_0\"><\/div>\n\t\t <div class=\"listwrap_mp3j\" id=\"L_mp3j_0\" style=\"overflow:auto; max-height:200px;\"><div class=\"wrapper-mjp\"><div class=\"playlist-colour\"><\/div><div class=\"wrapper-mjp\"><ul class=\"ul-mjp arial-mjp childNorm-mjp childPlain-mjp left-mjp\" id=\"UL_mp3j_0\"><li><\/li><\/ul><\/div><\/div><\/div>\n\t <\/div>\n\t <div id=\"mp3j_finfo_0\" class=\"mp3j-finfo\" style=\"display:none;\"><div class=\"mp3j-finfo-sleeve\"><div id=\"mp3j_finfo_gif_0\" class=\"mp3j-finfo-gif\"><\/div><div id=\"mp3j_finfo_txt_0\" class=\"mp3j-finfo-txt\"><\/div><div class=\"mp3j-finfo-close\" id=\"mp3j_finfo_close_0\">X<\/div><\/div><\/div><div id=\"mp3j_dlf_0\" class=\"mp3j-dlframe\" style=\"display:none;\"><\/div>\n\t <div class=\"mp3j-nosolution\" id=\"mp3j_nosolution_0\" style=\"display:none;\"><\/div>\n\t <div style=\"display:none;\" class=\"Ebelow-mjp\" id=\"Ebelow-mjp_0\"><\/div>\n <\/div> \n<script>\nMP3jPLAYLISTS.MI_0 = [\n\t{ name: \"1-world-order-is-the-goal-1945\", formats: [\"mp3\"], mp3: \"aHR0cHM6Ly9kYWhscy5uZXQvYmFoYWkvYXVkaW8vd29ybGQtb3JkZXItaXMtdGhlLWdvYWwvMS13b3JsZC1vcmRlci1pcy10aGUtZ29hbC0xOTQ1Lm1wMw==\", counterpart:\"\", artist: \"\", image: \"true\", imgurl: \"\" },\n\t{ name: \"2-world-order-is-the-goal-1945\", formats: [\"mp3\"], mp3: \"aHR0cHM6Ly9kYWhscy5uZXQvYmFoYWkvYXVkaW8vd29ybGQtb3JkZXItaXMtdGhlLWdvYWwvMi13b3JsZC1vcmRlci1pcy10aGUtZ29hbC0xOTQ1Lm1wMw==\", counterpart:\"\", artist: \"\", image: \"true\", imgurl: \"\" },\n\t{ name: \"3-world-order-is-the-goal-1945\", formats: [\"mp3\"], mp3: \"aHR0cHM6Ly9kYWhscy5uZXQvYmFoYWkvYXVkaW8vd29ybGQtb3JkZXItaXMtdGhlLWdvYWwvMy13b3JsZC1vcmRlci1pcy10aGUtZ29hbC0xOTQ1Lm1wMw==\", counterpart:\"\", artist: \"\", image: \"true\", imgurl: \"\" },\n\t{ name: \"4-world-order-is-the-goal-1945\", formats: [\"mp3\"], mp3: \"aHR0cHM6Ly9kYWhscy5uZXQvYmFoYWkvYXVkaW8vd29ybGQtb3JkZXItaXMtdGhlLWdvYWwvNC13b3JsZC1vcmRlci1pcy10aGUtZ29hbC0xOTQ1Lm1wMw==\", counterpart:\"\", artist: \"\", image: \"true\", imgurl: \"\" },\n\t{ name: \"5-world-order-is-the-goal-1945\", formats: [\"mp3\"], mp3: \"aHR0cHM6Ly9kYWhscy5uZXQvYmFoYWkvYXVkaW8vd29ybGQtb3JkZXItaXMtdGhlLWdvYWwvNS13b3JsZC1vcmRlci1pcy10aGUtZ29hbC0xOTQ1Lm1wMw==\", counterpart:\"\", artist: \"\", image: \"true\", imgurl: \"\" },\n\t{ name: \"6-world-order-is-the-goal-1945\", formats: [\"mp3\"], mp3: \"aHR0cHM6Ly9kYWhscy5uZXQvYmFoYWkvYXVkaW8vd29ybGQtb3JkZXItaXMtdGhlLWdvYWwvNi13b3JsZC1vcmRlci1pcy10aGUtZ29hbC0xOTQ1Lm1wMw==\", counterpart:\"\", artist: \"\", image: \"true\", imgurl: \"\" },\n\t{ name: \"7-world-order-is-the-goal-1945\", formats: [\"mp3\"], mp3: \"aHR0cHM6Ly9kYWhscy5uZXQvYmFoYWkvYXVkaW8vd29ybGQtb3JkZXItaXMtdGhlLWdvYWwvNy13b3JsZC1vcmRlci1pcy10aGUtZ29hbC0xOTQ1Lm1wMw==\", counterpart:\"\", artist: \"\", image: \"true\", imgurl: \"\" },\n\t{ name: \"8-world-order-is-the-goal-1945\", formats: [\"mp3\"], mp3: \"aHR0cHM6Ly9kYWhscy5uZXQvYmFoYWkvYXVkaW8vd29ybGQtb3JkZXItaXMtdGhlLWdvYWwvOC13b3JsZC1vcmRlci1pcy10aGUtZ29hbC0xOTQ1Lm1wMw==\", counterpart:\"\", artist: \"\", image: \"true\", imgurl: \"\" }\n];\n<\/script>\n\n<script>MP3jPLAYERS[0] = { list:MP3jPLAYLISTS.MI_0, tr:0, type:'MI', lstate:false, loop:false, play_txt:'Play', pause_txt:'Pause', pp_title:'Bah\u00e1\u2019\u00ed World Community', autoplay:false, download:true, vol:60, height:33, cssclass:'nostop ', popout_css:{ enabled:true, \t\t\tcolours: [\"#f0f0f0\", \"rgba(86, 116, 232, 0.65)\", \"rgba(167, 167, 167, 0.55)\", \"rgba(49, 49, 49, 0.64)\", \"rgba(0, 180, 37, 0.91)\", \"#d3d3d3\", \"#d8d8d8\", \"#3d3232\", \"#262120\", \"#262120\", \"#11912b\", \"\/\", 400, 600 ],\n\t\t\tcssInterface: { \"color\": \"#3d3232\" },\n\t\t\tcssTitle: { \"left\": \"10px\", \"right\":\"0px\", \"top\":\"6px\" },\n\t\t\tcssImage: { \"overflow\": \"hidden\", \"width\":\"auto\", \"height\":\"33px\"  },\n\t\t\tcssFontSize: { \"title\": \"13px\", \"caption\": \"9.1px\", \"list\": \"12px\" },\n\t\t\tclasses: { interface:' arial-mjp', title:' centre-mjp bold-mjp plain-mjp childNorm-mjp childItalic-mjp', image:' Himg left-mjp', poscol:' soften-mjp', ul:' arial-mjp childNorm-mjp childPlain-mjp left-mjp' }} };<\/script>\n\n\n<\/div>\n<div style=\"clear: both;\"><\/div>\n<p class=\"alignleft\" style=\"display: inline !important;\"><strong>Words for the World<\/strong>, read by David Bond &amp; Selma Soloman,<br \/>\nproduced by Charles Wolcott, October 1961 (0h44)<br \/>\n(<a href=\"https:\/\/dahls.net\/bahai\/audio\/words-for-the-world\/words-for-the-world.zip\">.zip file of all segments 20MB<\/a>):<\/p>\n<div id=\"textbox\">\n\n <div id=\"wrapperMI_1\" class=\"wrap-mjp nostop \" style=\"position:relative; padding:0px 0px 0px 0px; margin:0px 0px 0px auto; width:360px;\">\n\t<div style=\"display:none;\" class=\"Eabove-mjp\" id=\"Eabove-mjp_1\"><\/div>\n\t <div class=\"subwrap-MI\">\n\t\t <div class=\"jp-innerwrap\">\n\t\t\t <div class=\"innerx\"><\/div>\n\t\t\t <div class=\"innerleft\"><\/div>\n\t\t\t <div class=\"innerright\"><\/div>\n\t\t\t <div class=\"innertab\"><\/div>\n\t\t\t <div class=\"interface-mjp arial-mjp\" style=\"height:33px;\" id=\"interfaceMI_1\">\n\t\t\t\t <div class=\"MI-image Himg left-mjp\" id=\"MI_image_1\" style=\" width:auto; height:33px; overflow:hidden;\"><\/div>\n\t\t\t\t <div id=\"T_mp3j_1\" class=\"player-track-title centre-mjp bold-mjp plain-mjp childNorm-mjp childItalic-mjp\" style=\"left:10px; right:0px;  top:6px;\"><\/div>\n\t\t\t\t <div class=\"bars_holder\">\n\t\t\t\t\t <div class=\"loadMI_mp3j\" id=\"load_mp3j_1\"><\/div>\n\t\t\t\t\t <div class=\"poscolMI_mp3j soften-mjp\" id=\"poscol_mp3j_1\"><\/div>\n\t\t\t\t\t <div class=\"posbarMI_mp3j\" id=\"posbar_mp3j_1\"><\/div>\n\t\t\t\t <\/div>\n\t\t\t\t <div id=\"P-Time-MI_1\" class=\"jp-play-time\"><\/div>\n\t\t\t\t <div id=\"T-Time-MI_1\" class=\"jp-total-time\"><\/div>\n\t\t\t\t <div id=\"statusMI_1\" class=\"statusMI\"><\/div>\n\t\t\t\t <div class=\"transport-MI\"><div class=\"play-mjp\" id=\"playpause_mp3j_1\">Play<\/div><div class=\"stop-mjp\" id=\"stop_mp3j_1\">Stop<\/div><div class=\"next-mjp\" id=\"Next_mp3j_1\">Next&raquo;<\/div><div class=\"prev-mjp\" id=\"Prev_mp3j_1\">&laquo;Prev<\/div><\/div>\n\t\t\t\t <div class=\"buttons-wrap-mjp\" id=\"buttons-wrap-mjp_1\">\n\t\t\t\t\t <div class=\"playlist-toggle-MI\" id=\"playlist-toggle_1\">SHOW PLAYLIST<\/div>\n\t\t\t\t\t <div class=\"mp3j-popout-MI\" id=\"lpp_mp3j_1\" style=\"\"><\/div>\n\t\t\t\t\t <div id=\"download_mp3j_1\" class=\"dloadmp3-MI\"><\/div>\n\t\t\t\t <\/div>\n\t\t\t <\/div>\n\t\t\t <div class=\"mjp-volwrap\">\n\t\t\t\t <div class=\"MIsliderVolume\" id=\"vol_mp3j_1\"><\/div>\n\t\t\t\t <div class=\"innerExt1\" id=\"innerExt1_1\"><\/div>\n\t\t\t\t <div class=\"innerExt2\" id=\"innerExt2_1\"><\/div>\n\t\t\t <\/div>\n\t\t <\/div>\n\t\t <div style=\"display:none;\" class=\"Ebetween-mjp\" id=\"Ebetween-mjp_1\"><\/div>\n\t\t <div class=\"listwrap_mp3j\" id=\"L_mp3j_1\" style=\"overflow:auto; max-height:200px;\"><div class=\"wrapper-mjp\"><div class=\"playlist-colour\"><\/div><div class=\"wrapper-mjp\"><ul class=\"ul-mjp arial-mjp childNorm-mjp childPlain-mjp left-mjp\" id=\"UL_mp3j_1\"><li><\/li><\/ul><\/div><\/div><\/div>\n\t <\/div>\n\t <div id=\"mp3j_finfo_1\" class=\"mp3j-finfo\" style=\"display:none;\"><div class=\"mp3j-finfo-sleeve\"><div id=\"mp3j_finfo_gif_1\" class=\"mp3j-finfo-gif\"><\/div><div id=\"mp3j_finfo_txt_1\" class=\"mp3j-finfo-txt\"><\/div><div class=\"mp3j-finfo-close\" id=\"mp3j_finfo_close_1\">X<\/div><\/div><\/div><div id=\"mp3j_dlf_1\" class=\"mp3j-dlframe\" style=\"display:none;\"><\/div>\n\t <div class=\"mp3j-nosolution\" id=\"mp3j_nosolution_1\" style=\"display:none;\"><\/div>\n\t <div style=\"display:none;\" class=\"Ebelow-mjp\" id=\"Ebelow-mjp_1\"><\/div>\n <\/div> \n<script>\nMP3jPLAYLISTS.MI_1 = [\n\t{ name: \"01-words-for-the-world\", formats: [\"mp3\"], mp3: \"aHR0cHM6Ly9kYWhscy5uZXQvYmFoYWkvYXVkaW8vd29yZHMtZm9yLXRoZS13b3JsZC8wMS13b3Jkcy1mb3ItdGhlLXdvcmxkLm1wMw==\", counterpart:\"\", artist: \"\", image: \"true\", imgurl: \"\" },\n\t{ name: \"02-words-for-the-world\", formats: [\"mp3\"], mp3: \"aHR0cHM6Ly9kYWhscy5uZXQvYmFoYWkvYXVkaW8vd29yZHMtZm9yLXRoZS13b3JsZC8wMi13b3Jkcy1mb3ItdGhlLXdvcmxkLm1wMw==\", counterpart:\"\", artist: \"\", image: \"true\", imgurl: \"\" },\n\t{ name: \"03-words-for-the-world\", formats: [\"mp3\"], mp3: \"aHR0cHM6Ly9kYWhscy5uZXQvYmFoYWkvYXVkaW8vd29yZHMtZm9yLXRoZS13b3JsZC8wMy13b3Jkcy1mb3ItdGhlLXdvcmxkLm1wMw==\", counterpart:\"\", artist: \"\", image: \"true\", imgurl: \"\" },\n\t{ name: \"04-words-for-the-world\", formats: [\"mp3\"], mp3: \"aHR0cHM6Ly9kYWhscy5uZXQvYmFoYWkvYXVkaW8vd29yZHMtZm9yLXRoZS13b3JsZC8wNC13b3Jkcy1mb3ItdGhlLXdvcmxkLm1wMw==\", counterpart:\"\", artist: \"\", image: \"true\", imgurl: \"\" },\n\t{ name: \"05-words-for-the-world\", formats: [\"mp3\"], mp3: \"aHR0cHM6Ly9kYWhscy5uZXQvYmFoYWkvYXVkaW8vd29yZHMtZm9yLXRoZS13b3JsZC8wNS13b3Jkcy1mb3ItdGhlLXdvcmxkLm1wMw==\", counterpart:\"\", artist: \"\", image: \"true\", imgurl: \"\" },\n\t{ name: \"06-words-for-the-world\", formats: [\"mp3\"], mp3: \"aHR0cHM6Ly9kYWhscy5uZXQvYmFoYWkvYXVkaW8vd29yZHMtZm9yLXRoZS13b3JsZC8wNi13b3Jkcy1mb3ItdGhlLXdvcmxkLm1wMw==\", counterpart:\"\", artist: \"\", image: \"true\", imgurl: \"\" },\n\t{ name: \"07-words-for-the-world\", formats: [\"mp3\"], mp3: \"aHR0cHM6Ly9kYWhscy5uZXQvYmFoYWkvYXVkaW8vd29yZHMtZm9yLXRoZS13b3JsZC8wNy13b3Jkcy1mb3ItdGhlLXdvcmxkLm1wMw==\", counterpart:\"\", artist: \"\", image: \"true\", imgurl: \"\" },\n\t{ name: \"08-words-for-the-world\", formats: [\"mp3\"], mp3: \"aHR0cHM6Ly9kYWhscy5uZXQvYmFoYWkvYXVkaW8vd29yZHMtZm9yLXRoZS13b3JsZC8wOC13b3Jkcy1mb3ItdGhlLXdvcmxkLm1wMw==\", counterpart:\"\", artist: \"\", image: \"true\", imgurl: \"\" },\n\t{ name: \"09-words-for-the-world\", formats: [\"mp3\"], mp3: \"aHR0cHM6Ly9kYWhscy5uZXQvYmFoYWkvYXVkaW8vd29yZHMtZm9yLXRoZS13b3JsZC8wOS13b3Jkcy1mb3ItdGhlLXdvcmxkLm1wMw==\", counterpart:\"\", artist: \"\", image: \"true\", imgurl: \"\" },\n\t{ name: \"10-words-for-the-world\", formats: [\"mp3\"], mp3: \"aHR0cHM6Ly9kYWhscy5uZXQvYmFoYWkvYXVkaW8vd29yZHMtZm9yLXRoZS13b3JsZC8xMC13b3Jkcy1mb3ItdGhlLXdvcmxkLm1wMw==\", counterpart:\"\", artist: \"\", image: \"true\", imgurl: \"\" }\n];\n<\/script>\n\n<script>MP3jPLAYERS[1] = { list:MP3jPLAYLISTS.MI_1, tr:0, type:'MI', lstate:false, loop:false, play_txt:'Play', pause_txt:'Pause', pp_title:'Bah\u00e1\u2019\u00ed World Community', autoplay:false, download:true, vol:60, height:33, cssclass:'nostop ', popout_css:{ enabled:true, \t\t\tcolours: [\"#f0f0f0\", \"rgba(86, 116, 232, 0.65)\", \"rgba(167, 167, 167, 0.55)\", \"rgba(49, 49, 49, 0.64)\", \"rgba(0, 180, 37, 0.91)\", \"#d3d3d3\", \"#d8d8d8\", \"#3d3232\", \"#262120\", \"#262120\", \"#11912b\", \"\/\", 400, 600 ],\n\t\t\tcssInterface: { \"color\": \"#3d3232\" },\n\t\t\tcssTitle: { \"left\": \"10px\", \"right\":\"0px\", \"top\":\"6px\" },\n\t\t\tcssImage: { \"overflow\": \"hidden\", \"width\":\"auto\", \"height\":\"33px\"  },\n\t\t\tcssFontSize: { \"title\": \"13px\", \"caption\": \"9.1px\", \"list\": \"12px\" },\n\t\t\tclasses: { interface:' arial-mjp', title:' centre-mjp bold-mjp plain-mjp childNorm-mjp childItalic-mjp', image:' Himg left-mjp', poscol:' soften-mjp', ul:' arial-mjp childNorm-mjp childPlain-mjp left-mjp' }} };<\/script>\n\n\n<\/div>\n<div style=\"clear: both;\"><\/div>\n<p><strong>Correspondence of Joyce Lyon Dahl (Greg&#8217;s mother):<\/strong><\/p>\n<p>At the suggestion of Grace Holley, the mother of Marion Holley Hofman, Mme. Dreyfus-Barney invited Joyce to join Bah\u00e1\u2019\u00ed meetings in Paris, 1931: (<a href=\"https:\/\/dahls.net\/bahai\/wp-content\/documents\/Mme-Dreyfus-Barney-to-Joyce-Lyon-1931.pdf\">Laura Clifford Dreyfus-Barney to Joyce Lyon, 30 January 1931<\/a>)<\/p>\n<p>On Joyce&#8217;s return to California, she became part of the Bah\u00e1\u2019\u00ed community and received warm invitations to Geyserville from Louise Bosch: (<a href=\"https:\/\/dahls.net\/bahai\/wp-content\/documents\/Louise-Bosch-to-Joyce-Lyon-1935.pdf\">Louise Bosch to Joyce Lyon 24 May 1935<\/a>) (<a href=\"https:\/\/dahls.net\/bahai\/wp-content\/documents\/Louise-Bosch-to-Joyce-Lyon-1936.pdf\">Louise Bosch to Joyce Lyon 2 June 1936<\/a>)<\/p>\n<p>Joyce&#8217;s roommate at Stanford was Marion Holley, who later married David Hofman. Here is a letter from Marion to Joyce,<br \/>\n18 October 1937: (<a href=\"https:\/\/dahls.net\/bahai\/wp-content\/documents\/Marion-Hofman-to-Joyce-Dahl-1937.pdf\">Marion Hofman to Joyce Dahl, 18 October 1937<\/a>)<\/p>\n<p>Joyce and Arthur Dahl contributed the funds for the publishing of the Guardian&#8217;s great book God Passes By, and received from him this <a href=\"https:\/\/dahls.net\/bahai\/wp-content\/documents\/Guardian-to-A-and-J-Dahl-1944-03-13.pdf\">letter of thanks dated 13 March 1944.<\/a><\/p>\n<p><a href=\"https:\/\/dahls.net\/bahai\/wp-content\/documents\/Ruhiyyih-Khanum-to-Joyce-Dahl-1982.pdf\">R\u00fah\u00edyyih Kh\u00e1num to Joyce Dahl, 3 November 1982<\/a><br \/>\n<a href=\"https:\/\/dahls.net\/bahai\/wp-content\/documents\/Violette-Nakhjavani-to-Joyce-Dahl-1982.pdf\">Violette Nakhjavani  to Joyce Dahl, 3 November 1982<\/a><\/p>\n<p><strong>Correspondence of Arthur L. Dahl (Greg&#8217;s father):<\/strong><\/p>\n<p>The Guardian thanked him for photographs he had sent (presumably of Geyserville), <a href=\"https:\/\/dahls.net\/bahai\/wp-content\/documents\/Guardian-thanking-for-photos-1951.pdf\">December 3, 1951.<\/a><\/p>\n<p>In 1959 he wrote to the Hands of the Faith in the Holy Land regarding pilgrimage for our family and <a href=\"https:\/\/dahls.net\/bahai\/wp-content\/documents\/Hands-Holy-Land-re-pilgrimage-1959.pdf\">received their reply.<\/a><\/p>\n","protected":false},"excerpt":{"rendered":"<p>Other To view photos as a slide show, click on the thumbnail after allowing the whole page to download. You can then browse backwards and forwards. In Windows, Press F11 to view full-screen, and F11 again to exit. To return <span class=\"excerpt-dots\">&hellip;<\/span> <a class=\"more-link\" href=\"https:\/\/dahls.net\/bahai\/other\/\"><span class=\"more-msg\">Continue reading &rarr;<\/span><\/a><\/p>\n","protected":false},"author":1,"featured_media":0,"parent":0,"menu_order":0,"comment_status":"closed","ping_status":"closed","template":"","meta":{"nf_dc_page":"","ngg_post_thumbnail":0,"footnotes":""},"class_list":["post-2825","page","type-page","status-publish","hentry"],"_links":{"self":[{"href":"https:\/\/dahls.net\/bahai\/wp-json\/wp\/v2\/pages\/2825","targetHints":{"allow":["GET"]}}],"collection":[{"href":"https:\/\/dahls.net\/bahai\/wp-json\/wp\/v2\/pages"}],"about":[{"href":"https:\/\/dahls.net\/bahai\/wp-json\/wp\/v2\/types\/page"}],"author":[{"embeddable":true,"href":"https:\/\/dahls.net\/bahai\/wp-json\/wp\/v2\/users\/1"}],"replies":[{"embeddable":true,"href":"https:\/\/dahls.net\/bahai\/wp-json\/wp\/v2\/comments?post=2825"}],"version-history":[{"count":4,"href":"https:\/\/dahls.net\/bahai\/wp-json\/wp\/v2\/pages\/2825\/revisions"}],"predecessor-version":[{"id":4200,"href":"https:\/\/dahls.net\/bahai\/wp-json\/wp\/v2\/pages\/2825\/revisions\/4200"}],"wp:attachment":[{"href":"https:\/\/dahls.net\/bahai\/wp-json\/wp\/v2\/media?parent=2825"}],"curies":[{"name":"wp","href":"https:\/\/api.w.org\/{rel}","templated":true}]}}